{"id":14512,"date":"2017-11-06T13:33:11","date_gmt":"2017-11-06T16:33:11","guid":{"rendered":"http:\/\/www.cr2.cl\/wp-content\/uploads\/2017\/11\/De-d\u00f3nde-viene-el-viento-helado-que-enfri\u00f3-la-primavera-www.lun_.com_.jpg"},"modified":"2017-11-06T13:33:11","modified_gmt":"2017-11-06T16:33:11","slug":"de-donde-viene-el-viento-helado-que-enfrio-la-primavera-www-lun-com","status":"inherit","type":"attachment","link":"https:\/\/www.cr2.cl\/eng\/de-donde-viene-el-viento-helado-que-enfrio-la-primavera-www-lun-com\/","title":{"rendered":"De d\u00f3nde viene el viento helado que enfri\u00f3 la primavera www.lun.com"},"author":3,"featured_media":0,"comment_status":"closed","ping_status":"closed","template":"","meta":[],"description":{"rendered":"<p class=\"attachment\"><a href='https:\/\/www.cr2.cl\/eng\/wp-content\/uploads\/2017\/11\/De-d\u00f3nde-viene-el-viento-helado-que-enfri\u00f3-la-primavera-www.lun_.com_.jpg'><img loading=\"lazy\" decoding=\"async\" width=\"228\" height=\"300\" src=\"https:\/\/www.cr2.cl\/eng\/wp-content\/uploads\/2017\/11\/De-d\u00f3nde-viene-el-viento-helado-que-enfri\u00f3-la-primavera-www.lun_.com_-228x300.jpg\" class=\"attachment-medium size-medium\" alt=\"\" srcset=\"https:\/\/www.cr2.cl\/eng\/wp-content\/uploads\/2017\/11\/De-d\u00f3nde-viene-el-viento-helado-que-enfri\u00f3-la-primavera-www.lun_.com_-228x300.jpg 228w, https:\/\/www.cr2.cl\/eng\/wp-content\/uploads\/2017\/11\/De-d\u00f3nde-viene-el-viento-helado-que-enfri\u00f3-la-primavera-www.lun_.com_-768x1011.jpg 768w, https:\/\/www.cr2.cl\/eng\/wp-content\/uploads\/2017\/11\/De-d\u00f3nde-viene-el-viento-helado-que-enfri\u00f3-la-primavera-www.lun_.com_-778x1024.jpg 778w, https:\/\/www.cr2.cl\/eng\/wp-content\/uploads\/2017\/11\/De-d\u00f3nde-viene-el-viento-helado-que-enfri\u00f3-la-primavera-www.lun_.com_-696x916.jpg 696w, https:\/\/www.cr2.cl\/eng\/wp-content\/uploads\/2017\/11\/De-d\u00f3nde-viene-el-viento-helado-que-enfri\u00f3-la-primavera-www.lun_.com_-1068x1406.jpg 1068w, https:\/\/www.cr2.cl\/eng\/wp-content\/uploads\/2017\/11\/De-d\u00f3nde-viene-el-viento-helado-que-enfri\u00f3-la-primavera-www.lun_.com_-319x420.jpg 319w, https:\/\/www.cr2.cl\/eng\/wp-content\/uploads\/2017\/11\/De-d\u00f3nde-viene-el-viento-helado-que-enfri\u00f3-la-primavera-www.lun_.com_.jpg 1456w\" sizes=\"(max-width: 228px) 100vw, 228px\" \/><\/a><\/p>\n"},"caption":{"rendered":""},"alt_text":"","media_type":"image","mime_type":"image\/jpeg","media_details":{"width":1456,"height":1917,"file":"2017\/11\/De-d\u00f3nde-viene-el-viento-helado-que-enfri\u00f3-la-primavera-www.lun_.com_.jpg","sizes":{"thumbnail":{"file":"De-d\u00f3nde-viene-el-viento-helado-que-enfri\u00f3-la-primavera-www.lun_.com_-150x150.jpg","width":150,"height":150,"mime_type":"image\/jpeg","source_url":"https:\/\/www.cr2.cl\/eng\/wp-content\/uploads\/2017\/11\/De-d\u00f3nde-viene-el-viento-helado-que-enfri\u00f3-la-primavera-www.lun_.com_-150x150.jpg"},"medium":{"file":"De-d\u00f3nde-viene-el-viento-helado-que-enfri\u00f3-la-primavera-www.lun_.com_-228x300.jpg","width":228,"height":300,"mime_type":"image\/jpeg","source_url":"https:\/\/www.cr2.cl\/eng\/wp-content\/uploads\/2017\/11\/De-d\u00f3nde-viene-el-viento-helado-que-enfri\u00f3-la-primavera-www.lun_.com_-228x300.jpg"},"medium_large":{"file":"De-d\u00f3nde-viene-el-viento-helado-que-enfri\u00f3-la-primavera-www.lun_.com_-768x1011.jpg","width":768,"height":1011,"mime_type":"image\/jpeg","source_url":"https:\/\/www.cr2.cl\/eng\/wp-content\/uploads\/2017\/11\/De-d\u00f3nde-viene-el-viento-helado-que-enfri\u00f3-la-primavera-www.lun_.com_-768x1011.jpg"},"large":{"file":"De-d\u00f3nde-viene-el-viento-helado-que-enfri\u00f3-la-primavera-www.lun_.com_-778x1024.jpg","width":778,"height":1024,"mime_type":"image\/jpeg","source_url":"https:\/\/www.cr2.cl\/eng\/wp-content\/uploads\/2017\/11\/De-d\u00f3nde-viene-el-viento-helado-que-enfri\u00f3-la-primavera-www.lun_.com_-778x1024.jpg"},"td_80x60":{"file":"De-d\u00f3nde-viene-el-viento-helado-que-enfri\u00f3-la-primavera-www.lun_.com_-80x60.jpg","width":80,"height":60,"mime_type":"image\/jpeg","source_url":"https:\/\/www.cr2.cl\/eng\/wp-content\/uploads\/2017\/11\/De-d\u00f3nde-viene-el-viento-helado-que-enfri\u00f3-la-primavera-www.lun_.com_-80x60.jpg"},"td_100x70":{"file":"De-d\u00f3nde-viene-el-viento-helado-que-enfri\u00f3-la-primavera-www.lun_.com_-100x70.jpg","width":100,"height":70,"mime_type":"image\/jpeg","source_url":"https:\/\/www.cr2.cl\/eng\/wp-content\/uploads\/2017\/11\/De-d\u00f3nde-viene-el-viento-helado-que-enfri\u00f3-la-primavera-www.lun_.com_-100x70.jpg"},"td_218x150":{"file":"De-d\u00f3nde-viene-el-viento-helado-que-enfri\u00f3-la-primavera-www.lun_.com_-218x150.jpg","width":218,"height":150,"mime_type":"image\/jpeg","source_url":"https:\/\/www.cr2.cl\/eng\/wp-content\/uploads\/2017\/11\/De-d\u00f3nde-viene-el-viento-helado-que-enfri\u00f3-la-primavera-www.lun_.com_-218x150.jpg"},"td_265x198":{"file":"De-d\u00f3nde-viene-el-viento-helado-que-enfri\u00f3-la-primavera-www.lun_.com_-265x198.jpg","width":265,"height":198,"mime_type":"image\/jpeg","source_url":"https:\/\/www.cr2.cl\/eng\/wp-content\/uploads\/2017\/11\/De-d\u00f3nde-viene-el-viento-helado-que-enfri\u00f3-la-primavera-www.lun_.com_-265x198.jpg"},"td_324x160":{"file":"De-d\u00f3nde-viene-el-viento-helado-que-enfri\u00f3-la-primavera-www.lun_.com_-324x160.jpg","width":324,"height":160,"mime_type":"image\/jpeg","source_url":"https:\/\/www.cr2.cl\/eng\/wp-content\/uploads\/2017\/11\/De-d\u00f3nde-viene-el-viento-helado-que-enfri\u00f3-la-primavera-www.lun_.com_-324x160.jpg"},"td_324x160_retina":{"file":"De-d\u00f3nde-viene-el-viento-helado-que-enfri\u00f3-la-primavera-www.lun_.com_-648x320.jpg","width":648,"height":320,"mime_type":"image\/jpeg","source_url":"https:\/\/www.cr2.cl\/eng\/wp-content\/uploads\/2017\/11\/De-d\u00f3nde-viene-el-viento-helado-que-enfri\u00f3-la-primavera-www.lun_.com_-648x320.jpg"},"td_324x235":{"file":"De-d\u00f3nde-viene-el-viento-helado-que-enfri\u00f3-la-primavera-www.lun_.com_-324x235.jpg","width":324,"height":235,"mime_type":"image\/jpeg","source_url":"https:\/\/www.cr2.cl\/eng\/wp-content\/uploads\/2017\/11\/De-d\u00f3nde-viene-el-viento-helado-que-enfri\u00f3-la-primavera-www.lun_.com_-324x235.jpg"},"td_324x400":{"file":"De-d\u00f3nde-viene-el-viento-helado-que-enfri\u00f3-la-primavera-www.lun_.com_-324x400.jpg","width":324,"height":400,"mime_type":"image\/jpeg","source_url":"https:\/\/www.cr2.cl\/eng\/wp-content\/uploads\/2017\/11\/De-d\u00f3nde-viene-el-viento-helado-que-enfri\u00f3-la-primavera-www.lun_.com_-324x400.jpg"},"td_356x220":{"file":"De-d\u00f3nde-viene-el-viento-helado-que-enfri\u00f3-la-primavera-www.lun_.com_-356x220.jpg","width":356,"height":220,"mime_type":"image\/jpeg","source_url":"https:\/\/www.cr2.cl\/eng\/wp-content\/uploads\/2017\/11\/De-d\u00f3nde-viene-el-viento-helado-que-enfri\u00f3-la-primavera-www.lun_.com_-356x220.jpg"},"td_356x364":{"file":"De-d\u00f3nde-viene-el-viento-helado-que-enfri\u00f3-la-primavera-www.lun_.com_-356x364.jpg","width":356,"height":364,"mime_type":"image\/jpeg","source_url":"https:\/\/www.cr2.cl\/eng\/wp-content\/uploads\/2017\/11\/De-d\u00f3nde-viene-el-viento-helado-que-enfri\u00f3-la-primavera-www.lun_.com_-356x364.jpg"},"td_485x360":{"file":"De-d\u00f3nde-viene-el-viento-helado-que-enfri\u00f3-la-primavera-www.lun_.com_-485x360.jpg","width":485,"height":360,"mime_type":"image\/jpeg","source_url":"https:\/\/www.cr2.cl\/eng\/wp-content\/uploads\/2017\/11\/De-d\u00f3nde-viene-el-viento-helado-que-enfri\u00f3-la-primavera-www.lun_.com_-485x360.jpg"},"td_533x261":{"file":"De-d\u00f3nde-viene-el-viento-helado-que-enfri\u00f3-la-primavera-www.lun_.com_-533x261.jpg","width":533,"height":261,"mime_type":"image\/jpeg","source_url":"https:\/\/www.cr2.cl\/eng\/wp-content\/uploads\/2017\/11\/De-d\u00f3nde-viene-el-viento-helado-que-enfri\u00f3-la-primavera-www.lun_.com_-533x261.jpg"},"td_534x462":{"file":"De-d\u00f3nde-viene-el-viento-helado-que-enfri\u00f3-la-primavera-www.lun_.com_-534x462.jpg","width":534,"height":462,"mime_type":"image\/jpeg","source_url":"https:\/\/www.cr2.cl\/eng\/wp-content\/uploads\/2017\/11\/De-d\u00f3nde-viene-el-viento-helado-que-enfri\u00f3-la-primavera-www.lun_.com_-534x462.jpg"},"td_696x0":{"file":"De-d\u00f3nde-viene-el-viento-helado-que-enfri\u00f3-la-primavera-www.lun_.com_-696x916.jpg","width":696,"height":916,"mime_type":"image\/jpeg","source_url":"https:\/\/www.cr2.cl\/eng\/wp-content\/uploads\/2017\/11\/De-d\u00f3nde-viene-el-viento-helado-que-enfri\u00f3-la-primavera-www.lun_.com_-696x916.jpg"},"td_696x385":{"file":"De-d\u00f3nde-viene-el-viento-helado-que-enfri\u00f3-la-primavera-www.lun_.com_-696x385.jpg","width":696,"height":385,"mime_type":"image\/jpeg","source_url":"https:\/\/www.cr2.cl\/eng\/wp-content\/uploads\/2017\/11\/De-d\u00f3nde-viene-el-viento-helado-que-enfri\u00f3-la-primavera-www.lun_.com_-696x385.jpg"},"td_1068x0":{"file":"De-d\u00f3nde-viene-el-viento-helado-que-enfri\u00f3-la-primavera-www.lun_.com_-1068x1406.jpg","width":1068,"height":1406,"mime_type":"image\/jpeg","source_url":"https:\/\/www.cr2.cl\/eng\/wp-content\/uploads\/2017\/11\/De-d\u00f3nde-viene-el-viento-helado-que-enfri\u00f3-la-primavera-www.lun_.com_-1068x1406.jpg"},"td_0x420":{"file":"De-d\u00f3nde-viene-el-viento-helado-que-enfri\u00f3-la-primavera-www.lun_.com_-319x420.jpg","width":319,"height":420,"mime_type":"image\/jpeg","source_url":"https:\/\/www.cr2.cl\/eng\/wp-content\/uploads\/2017\/11\/De-d\u00f3nde-viene-el-viento-helado-que-enfri\u00f3-la-primavera-www.lun_.com_-319x420.jpg"},"twentyseventeen-featured-image":{"file":"De-d\u00f3nde-viene-el-viento-helado-que-enfri\u00f3-la-primavera-www.lun_.com_-1456x1200.jpg","width":1456,"height":1200,"mime_type":"image\/jpeg","source_url":"https:\/\/www.cr2.cl\/eng\/wp-content\/uploads\/2017\/11\/De-d\u00f3nde-viene-el-viento-helado-que-enfri\u00f3-la-primavera-www.lun_.com_-1456x1200.jpg"},"twentyseventeen-thumbnail-avatar":{"file":"De-d\u00f3nde-viene-el-viento-helado-que-enfri\u00f3-la-primavera-www.lun_.com_-100x100.jpg","width":100,"height":100,"mime_type":"image\/jpeg","source_url":"https:\/\/www.cr2.cl\/eng\/wp-content\/uploads\/2017\/11\/De-d\u00f3nde-viene-el-viento-helado-que-enfri\u00f3-la-primavera-www.lun_.com_-100x100.jpg"},"full":{"file":"De-d\u00f3nde-viene-el-viento-helado-que-enfri\u00f3-la-primavera-www.lun_.com_.jpg","width":1456,"height":1917,"mime_type":"image\/jpeg","source_url":"https:\/\/www.cr2.cl\/eng\/wp-content\/uploads\/2017\/11\/De-d\u00f3nde-viene-el-viento-helado-que-enfri\u00f3-la-primavera-www.lun_.com_.jpg"}},"image_meta":{"aperture":"0","credit":"","camera":"","caption":"","created_timestamp":"0","copyright":"","focal_length":"0","iso":"0","shutter_speed":"0","title":"","orientation":"0","keywords":[]}},"post":null,"source_url":"https:\/\/www.cr2.cl\/eng\/wp-content\/uploads\/2017\/11\/De-d\u00f3nde-viene-el-viento-helado-que-enfri\u00f3-la-primavera-www.lun_.com_.jpg","_links":{"self":[{"href":"https:\/\/www.cr2.cl\/eng\/wp-json\/wp\/v2\/media\/14512"}],"collection":[{"href":"https:\/\/www.cr2.cl\/eng\/wp-json\/wp\/v2\/media"}],"about":[{"href":"https:\/\/www.cr2.cl\/eng\/wp-json\/wp\/v2\/types\/attachment"}],"author":[{"embeddable":true,"href":"https:\/\/www.cr2.cl\/eng\/wp-json\/wp\/v2\/users\/3"}],"replies":[{"embeddable":true,"href":"https:\/\/www.cr2.cl\/eng\/wp-json\/wp\/v2\/comments?post=14512"}]}}

http://www.cr2.cl/wp-content/uploads/2017/11/De-dónde-viene-el-viento-helado-que-enfrió-la-primavera-www.lun_.com_.jpg

De dónde viene el viento helado que enfrió la primavera www.lun.com

<p class="attachment"><a href='https://www.cr2.cl/eng/wp-content/uploads/2017/11/De-dónde-viene-el-viento-helado-que-enfrió-la-primavera-www.lun_.com_.jpg'><img loading="lazy" decoding="async" width="228" height="300" src="https://www.cr2.cl/eng/wp-content/uploads/2017/11/De-dónde-viene-el-viento-helado-que-enfrió-la-primavera-www.lun_.com_-228x300.jpg" class="attachment-medium size-medium" alt="" srcset="https://www.cr2.cl/eng/wp-content/uploads/2017/11/De-dónde-viene-el-viento-helado-que-enfrió-la-primavera-www.lun_.com_-228x300.jpg 228w, https://www.cr2.cl/eng/wp-content/uploads/2017/11/De-dónde-viene-el-viento-helado-que-enfrió-la-primavera-www.lun_.com_-768x1011.jpg 768w, https://www.cr2.cl/eng/wp-content/uploads/2017/11/De-dónde-viene-el-viento-helado-que-enfrió-la-primavera-www.lun_.com_-778x1024.jpg 778w, https://www.cr2.cl/eng/wp-content/uploads/2017/11/De-dónde-viene-el-viento-helado-que-enfrió-la-primavera-www.lun_.com_-696x916.jpg 696w, https://www.cr2.cl/eng/wp-content/uploads/2017/11/De-dónde-viene-el-viento-helado-que-enfrió-la-primavera-www.lun_.com_-1068x1406.jpg 1068w, https://www.cr2.cl/eng/wp-content/uploads/2017/11/De-dónde-viene-el-viento-helado-que-enfrió-la-primavera-www.lun_.com_-319x420.jpg 319w, https://www.cr2.cl/eng/wp-content/uploads/2017/11/De-dónde-viene-el-viento-helado-que-enfrió-la-primavera-www.lun_.com_.jpg 1456w" sizes="(max-width: 228px) 100vw, 228px" /></a></p>

2017/11/De-dónde-viene-el-viento-helado-que-enfrió-la-primavera-www.lun_.com_.jpg

De-dónde-viene-el-viento-helado-que-enfrió-la-primavera-www.lun_.com_-150x150.jpg

https://www.cr2.cl/eng/wp-content/uploads/2017/11/De-dónde-viene-el-viento-helado-que-enfrió-la-primavera-www.lun_.com_-150x150.jpg

De-dónde-viene-el-viento-helado-que-enfrió-la-primavera-www.lun_.com_-228x300.jpg

https://www.cr2.cl/eng/wp-content/uploads/2017/11/De-dónde-viene-el-viento-helado-que-enfrió-la-primavera-www.lun_.com_-228x300.jpg

De-dónde-viene-el-viento-helado-que-enfrió-la-primavera-www.lun_.com_-768x1011.jpg

https://www.cr2.cl/eng/wp-content/uploads/2017/11/De-dónde-viene-el-viento-helado-que-enfrió-la-primavera-www.lun_.com_-768x1011.jpg

De-dónde-viene-el-viento-helado-que-enfrió-la-primavera-www.lun_.com_-778x1024.jpg

https://www.cr2.cl/eng/wp-content/uploads/2017/11/De-dónde-viene-el-viento-helado-que-enfrió-la-primavera-www.lun_.com_-778x1024.jpg

De-dónde-viene-el-viento-helado-que-enfrió-la-primavera-www.lun_.com_-80x60.jpg

https://www.cr2.cl/eng/wp-content/uploads/2017/11/De-dónde-viene-el-viento-helado-que-enfrió-la-primavera-www.lun_.com_-80x60.jpg

De-dónde-viene-el-viento-helado-que-enfrió-la-primavera-www.lun_.com_-100x70.jpg

https://www.cr2.cl/eng/wp-content/uploads/2017/11/De-dónde-viene-el-viento-helado-que-enfrió-la-primavera-www.lun_.com_-100x70.jpg

De-dónde-viene-el-viento-helado-que-enfrió-la-primavera-www.lun_.com_-218x150.jpg

https://www.cr2.cl/eng/wp-content/uploads/2017/11/De-dónde-viene-el-viento-helado-que-enfrió-la-primavera-www.lun_.com_-218x150.jpg

De-dónde-viene-el-viento-helado-que-enfrió-la-primavera-www.lun_.com_-265x198.jpg

https://www.cr2.cl/eng/wp-content/uploads/2017/11/De-dónde-viene-el-viento-helado-que-enfrió-la-primavera-www.lun_.com_-265x198.jpg

De-dónde-viene-el-viento-helado-que-enfrió-la-primavera-www.lun_.com_-324x160.jpg

https://www.cr2.cl/eng/wp-content/uploads/2017/11/De-dónde-viene-el-viento-helado-que-enfrió-la-primavera-www.lun_.com_-324x160.jpg

De-dónde-viene-el-viento-helado-que-enfrió-la-primavera-www.lun_.com_-648x320.jpg

https://www.cr2.cl/eng/wp-content/uploads/2017/11/De-dónde-viene-el-viento-helado-que-enfrió-la-primavera-www.lun_.com_-648x320.jpg

De-dónde-viene-el-viento-helado-que-enfrió-la-primavera-www.lun_.com_-324x235.jpg

https://www.cr2.cl/eng/wp-content/uploads/2017/11/De-dónde-viene-el-viento-helado-que-enfrió-la-primavera-www.lun_.com_-324x235.jpg

De-dónde-viene-el-viento-helado-que-enfrió-la-primavera-www.lun_.com_-324x400.jpg

https://www.cr2.cl/eng/wp-content/uploads/2017/11/De-dónde-viene-el-viento-helado-que-enfrió-la-primavera-www.lun_.com_-324x400.jpg

De-dónde-viene-el-viento-helado-que-enfrió-la-primavera-www.lun_.com_-356x220.jpg

https://www.cr2.cl/eng/wp-content/uploads/2017/11/De-dónde-viene-el-viento-helado-que-enfrió-la-primavera-www.lun_.com_-356x220.jpg

De-dónde-viene-el-viento-helado-que-enfrió-la-primavera-www.lun_.com_-356x364.jpg

https://www.cr2.cl/eng/wp-content/uploads/2017/11/De-dónde-viene-el-viento-helado-que-enfrió-la-primavera-www.lun_.com_-356x364.jpg

De-dónde-viene-el-viento-helado-que-enfrió-la-primavera-www.lun_.com_-485x360.jpg

https://www.cr2.cl/eng/wp-content/uploads/2017/11/De-dónde-viene-el-viento-helado-que-enfrió-la-primavera-www.lun_.com_-485x360.jpg

De-dónde-viene-el-viento-helado-que-enfrió-la-primavera-www.lun_.com_-533x261.jpg

https://www.cr2.cl/eng/wp-content/uploads/2017/11/De-dónde-viene-el-viento-helado-que-enfrió-la-primavera-www.lun_.com_-533x261.jpg

De-dónde-viene-el-viento-helado-que-enfrió-la-primavera-www.lun_.com_-534x462.jpg

https://www.cr2.cl/eng/wp-content/uploads/2017/11/De-dónde-viene-el-viento-helado-que-enfrió-la-primavera-www.lun_.com_-534x462.jpg

De-dónde-viene-el-viento-helado-que-enfrió-la-primavera-www.lun_.com_-696x916.jpg

https://www.cr2.cl/eng/wp-content/uploads/2017/11/De-dónde-viene-el-viento-helado-que-enfrió-la-primavera-www.lun_.com_-696x916.jpg

De-dónde-viene-el-viento-helado-que-enfrió-la-primavera-www.lun_.com_-696x385.jpg

https://www.cr2.cl/eng/wp-content/uploads/2017/11/De-dónde-viene-el-viento-helado-que-enfrió-la-primavera-www.lun_.com_-696x385.jpg

De-dónde-viene-el-viento-helado-que-enfrió-la-primavera-www.lun_.com_-1068x1406.jpg

https://www.cr2.cl/eng/wp-content/uploads/2017/11/De-dónde-viene-el-viento-helado-que-enfrió-la-primavera-www.lun_.com_-1068x1406.jpg

De-dónde-viene-el-viento-helado-que-enfrió-la-primavera-www.lun_.com_-319x420.jpg

https://www.cr2.cl/eng/wp-content/uploads/2017/11/De-dónde-viene-el-viento-helado-que-enfrió-la-primavera-www.lun_.com_-319x420.jpg

De-dónde-viene-el-viento-helado-que-enfrió-la-primavera-www.lun_.com_-1456x1200.jpg

https://www.cr2.cl/eng/wp-content/uploads/2017/11/De-dónde-viene-el-viento-helado-que-enfrió-la-primavera-www.lun_.com_-1456x1200.jpg

De-dónde-viene-el-viento-helado-que-enfrió-la-primavera-www.lun_.com_-100x100.jpg

https://www.cr2.cl/eng/wp-content/uploads/2017/11/De-dónde-viene-el-viento-helado-que-enfrió-la-primavera-www.lun_.com_-100x100.jpg

De-dónde-viene-el-viento-helado-que-enfrió-la-primavera-www.lun_.com_.jpg

https://www.cr2.cl/eng/wp-content/uploads/2017/11/De-dónde-viene-el-viento-helado-que-enfrió-la-primavera-www.lun_.com_.jpg
