{"id":20627,"date":"2024-07-30T14:45:48","date_gmt":"2024-07-30T18:45:48","guid":{"rendered":"https:\/\/www.cr2.cl\/eng\/?page_id=20627"},"modified":"2024-08-09T11:17:10","modified_gmt":"2024-08-09T15:17:10","slug":"carbon-neutrality","status":"publish","type":"page","link":"https:\/\/www.cr2.cl\/eng\/carbon-neutrality\/","title":{"rendered":"Cross-cutting theme Carbon neutrality"},"content":{"rendered":"<p>[vc_row full_width=&#8221;stretch_row&#8221; content_placement=&#8221;top&#8221; css=&#8221;.vc_custom_1722284206388{background-image: url(https:\/\/www.cr2.cl\/wp-content\/uploads\/2024\/07\/carbono_header2.jpg?id=45547) !important;background-position: center !important;background-repeat: no-repeat !important;background-size: cover !important;}&#8221;][vc_column width=&#8221;1\/3&#8243;][\/vc_column][vc_column width=&#8221;2\/3&#8243;][vc_empty_space height=&#8221;60&#8243;][vc_custom_heading text=&#8221;CROSS-CUTTING THEME&#8221; font_container=&#8221;tag:h5|font_size:25|text_align:left|color:%23ffffff|line_height:0&#8243; google_fonts=&#8221;font_family:Abel%3Aregular|font_style:400%20regular%3A400%3Anormal&#8221;][vc_custom_heading text=&#8221;Carbon neutrality&#8221; font_container=&#8221;tag:h1|font_size:60|text_align:left|color:%23ffffff|line_height:1&#8243; google_fonts=&#8221;font_family:Abel%3Aregular|font_style:400%20regular%3A400%3Anormal&#8221;][vc_empty_space height=&#8221;40&#8243;][\/vc_column][\/vc_row][vc_row][vc_column width=&#8221;1\/3&#8243;][vc_single_image image=&#8221;20630&#8243; img_size=&#8221;250&#215;250&#8243; css=&#8221;.vc_custom_1722365297044{margin-top: -100px !important;}&#8221;][\/vc_column][vc_column width=&#8221;2\/3&#8243;][vc_empty_space height=&#8221;30&#8243;][vc_column_text]<\/p>\n<h5><em>The objective of this cross-cutting theme is to analyze public policies related to carbon neutrality, the methodologies for measuring CO2 emissions and captures, and to discuss proposals for just climate action.<\/em><\/h5>\n<p>[\/vc_column_text][\/vc_column][\/vc_row][vc_row][vc_column][vc_row_inner][vc_column_inner width=&#8221;2\/3&#8243;][vc_column_text]<\/p>\n<p style=\"text-align: justify;\">The cross-cutting theme on carbon neutrality proposes a review of the progress in the field with the aim of conducting a critical analysis of the strategies and public policies related to carbon neutrality, the methodologies for measuring CO2 emissions and captures, and to discuss proposals for just climate action. It is based on the understanding that carbon neutrality is a political goal applied to different territorial scales, whose definition and verification are based on scientific and technical foundations.<\/p>\n<p style=\"text-align: justify;\">The interdisciplinary work focuses on three main questions: What are the links between climate change and carbon neutrality? How do we communicate the uncertainty associated with its estimation? And what proposals for transformation and improvement can the CR2 generate to guide decision-making processes in this area? Through the Report to the Nations on carbon neutrality, the CR2 hopes to contribute to the critical analysis regarding the implications of carbon neutrality and the commitments assumed by Chile.<\/p>\n<p style=\"text-align: justify;\">The development of the research and the preparation of the Report to the Nations are proposed as a collaborative and co-construction work of understanding bases with the participation of key actors from other institutions. According to the collectively constructed bases, dialogue processes will be carried out with internal and external actors of the CR2 to share and evaluate intermediate results and discuss them from multiple perspectives.<\/p>\n<p>[\/vc_column_text][\/vc_column_inner][vc_column_inner width=&#8221;1\/3&#8243;][vc_column_text css_animation=&#8221;left-to-right&#8221;]<\/p>\n<h3>Lead researchers<\/h3>\n<figure id=\"attachment_39124\" aria-describedby=\"caption-attachment-39124\" style=\"width: 200px\" class=\"wp-caption alignnone\"><img loading=\"lazy\" decoding=\"async\" class=\"wp-image-39124 size-full\" src=\"https:\/\/www.cr2.cl\/wp-content\/uploads\/2023\/03\/GAzocar.jpg\" alt=\"\" width=\"200\" height=\"230\" \/><figcaption id=\"caption-attachment-39124\" class=\"wp-caption-text\">Gabriela Az\u00f3car<\/figcaption><\/figure>\n<figure id=\"attachment_43724\" aria-describedby=\"caption-attachment-43724\" style=\"width: 200px\" class=\"wp-caption alignnone\"><img loading=\"lazy\" decoding=\"async\" class=\"size-full wp-image-43724\" src=\"https:\/\/www.cr2.cl\/wp-content\/uploads\/2024\/04\/CeciliaIbarra_200.jpg\" alt=\"\" width=\"200\" height=\"230\" \/><figcaption id=\"caption-attachment-43724\" class=\"wp-caption-text\">Cecilia Ibarra<\/figcaption><\/figure>\n<figure id=\"attachment_44114\" aria-describedby=\"caption-attachment-44114\" style=\"width: 200px\" class=\"wp-caption alignnone\"><img loading=\"lazy\" decoding=\"async\" class=\"size-full wp-image-44114\" src=\"https:\/\/www.cr2.cl\/wp-content\/uploads\/2024\/04\/mauricio_galleguillos_200.jpg\" alt=\"\" width=\"200\" height=\"230\" \/><figcaption id=\"caption-attachment-44114\" class=\"wp-caption-text\">Mauricio Galleguillos<\/figcaption><\/figure>\n<p>[\/vc_column_text][\/vc_column_inner][\/vc_row_inner][\/vc_column][\/vc_row][vc_row][vc_column][vc_empty_space][vc_separator color=&#8221;sky&#8221;][\/vc_column][\/vc_row][vc_row full_width=&#8221;stretch_row&#8221; css=&#8221;.vc_custom_1606255366109{padding-top: 20px !important;padding-bottom: 20px !important;}&#8221;][vc_column offset=&#8221;vc_hidden-lg vc_hidden-md vc_hidden-sm vc_hidden-xs&#8221;][vc_column_text]<\/p>\n<h3>Noticias relacionadas al tema<\/h3>\n<p>[\/vc_column_text]<div class=\"td_block_wrap td_block_1 td_uid_1_69e5b46b56446_rand td-pb-border-top td_block_template_3 tdc-no-posts td-column-1\"  data-td-block-uid=\"td_uid_1_69e5b46b56446\" ><script>var block_td_uid_1_69e5b46b56446 = new tdBlock();\nblock_td_uid_1_69e5b46b56446.id = \"td_uid_1_69e5b46b56446\";\nblock_td_uid_1_69e5b46b56446.atts = '{\"category_id\":\"2199\",\"separator\":\"\",\"custom_title\":\"\",\"custom_url\":\"\",\"block_template_id\":\"\",\"m4_tl\":\"\",\"m4_el\":\"\",\"m6_tl\":\"\",\"post_ids\":\"\",\"category_ids\":\"\",\"tag_slug\":\"\",\"autors_id\":\"\",\"installed_post_types\":\"\",\"sort\":\"\",\"limit\":\"5\",\"offset\":\"\",\"el_class\":\"\",\"td_ajax_filter_type\":\"\",\"td_ajax_filter_ids\":\"\",\"td_filter_default_txt\":\"All\",\"td_ajax_preloading\":\"\",\"f_header_font_header\":\"\",\"f_header_font_title\":\"Block header\",\"f_header_font_settings\":\"\",\"f_header_font_family\":\"\",\"f_header_font_size\":\"\",\"f_header_font_line_height\":\"\",\"f_header_font_style\":\"\",\"f_header_font_weight\":\"\",\"f_header_font_transform\":\"\",\"f_header_font_spacing\":\"\",\"f_header_\":\"\",\"f_ajax_font_title\":\"Ajax categories\",\"f_ajax_font_settings\":\"\",\"f_ajax_font_family\":\"\",\"f_ajax_font_size\":\"\",\"f_ajax_font_line_height\":\"\",\"f_ajax_font_style\":\"\",\"f_ajax_font_weight\":\"\",\"f_ajax_font_transform\":\"\",\"f_ajax_font_spacing\":\"\",\"f_ajax_\":\"\",\"f_more_font_title\":\"Load more button\",\"f_more_font_settings\":\"\",\"f_more_font_family\":\"\",\"f_more_font_size\":\"\",\"f_more_font_line_height\":\"\",\"f_more_font_style\":\"\",\"f_more_font_weight\":\"\",\"f_more_font_transform\":\"\",\"f_more_font_spacing\":\"\",\"f_more_\":\"\",\"m4f_title_font_header\":\"\",\"m4f_title_font_title\":\"Article title\",\"m4f_title_font_settings\":\"\",\"m4f_title_font_family\":\"\",\"m4f_title_font_size\":\"\",\"m4f_title_font_line_height\":\"\",\"m4f_title_font_style\":\"\",\"m4f_title_font_weight\":\"\",\"m4f_title_font_transform\":\"\",\"m4f_title_font_spacing\":\"\",\"m4f_title_\":\"\",\"m4f_cat_font_title\":\"Article category tag\",\"m4f_cat_font_settings\":\"\",\"m4f_cat_font_family\":\"\",\"m4f_cat_font_size\":\"\",\"m4f_cat_font_line_height\":\"\",\"m4f_cat_font_style\":\"\",\"m4f_cat_font_weight\":\"\",\"m4f_cat_font_transform\":\"\",\"m4f_cat_font_spacing\":\"\",\"m4f_cat_\":\"\",\"m4f_meta_font_title\":\"Article meta info\",\"m4f_meta_font_settings\":\"\",\"m4f_meta_font_family\":\"\",\"m4f_meta_font_size\":\"\",\"m4f_meta_font_line_height\":\"\",\"m4f_meta_font_style\":\"\",\"m4f_meta_font_weight\":\"\",\"m4f_meta_font_transform\":\"\",\"m4f_meta_font_spacing\":\"\",\"m4f_meta_\":\"\",\"m4f_ex_font_title\":\"Article excerpt\",\"m4f_ex_font_settings\":\"\",\"m4f_ex_font_family\":\"\",\"m4f_ex_font_size\":\"\",\"m4f_ex_font_line_height\":\"\",\"m4f_ex_font_style\":\"\",\"m4f_ex_font_weight\":\"\",\"m4f_ex_font_transform\":\"\",\"m4f_ex_font_spacing\":\"\",\"m4f_ex_\":\"\",\"m6f_title_font_header\":\"\",\"m6f_title_font_title\":\"Article title\",\"m6f_title_font_settings\":\"\",\"m6f_title_font_family\":\"\",\"m6f_title_font_size\":\"\",\"m6f_title_font_line_height\":\"\",\"m6f_title_font_style\":\"\",\"m6f_title_font_weight\":\"\",\"m6f_title_font_transform\":\"\",\"m6f_title_font_spacing\":\"\",\"m6f_title_\":\"\",\"m6f_cat_font_title\":\"Article category tag\",\"m6f_cat_font_settings\":\"\",\"m6f_cat_font_family\":\"\",\"m6f_cat_font_size\":\"\",\"m6f_cat_font_line_height\":\"\",\"m6f_cat_font_style\":\"\",\"m6f_cat_font_weight\":\"\",\"m6f_cat_font_transform\":\"\",\"m6f_cat_font_spacing\":\"\",\"m6f_cat_\":\"\",\"m6f_meta_font_title\":\"Article meta info\",\"m6f_meta_font_settings\":\"\",\"m6f_meta_font_family\":\"\",\"m6f_meta_font_size\":\"\",\"m6f_meta_font_line_height\":\"\",\"m6f_meta_font_style\":\"\",\"m6f_meta_font_weight\":\"\",\"m6f_meta_font_transform\":\"\",\"m6f_meta_font_spacing\":\"\",\"m6f_meta_\":\"\",\"ajax_pagination\":\"\",\"ajax_pagination_infinite_stop\":\"\",\"css\":\"\",\"tdc_css\":\"\",\"td_column_number\":1,\"header_color\":\"\",\"color_preset\":\"\",\"border_top\":\"\",\"class\":\"td_uid_1_69e5b46b56446_rand\",\"tdc_css_class\":\"td_uid_1_69e5b46b56446_rand\",\"tdc_css_class_style\":\"td_uid_1_69e5b46b56446_rand_style\"}';\nblock_td_uid_1_69e5b46b56446.td_column_number = \"1\";\nblock_td_uid_1_69e5b46b56446.block_type = \"td_block_1\";\nblock_td_uid_1_69e5b46b56446.post_count = \"0\";\nblock_td_uid_1_69e5b46b56446.found_posts = \"0\";\nblock_td_uid_1_69e5b46b56446.header_color = \"\";\nblock_td_uid_1_69e5b46b56446.ajax_pagination_infinite_stop = \"\";\nblock_td_uid_1_69e5b46b56446.max_num_pages = \"0\";\ntdBlocksArray.push(block_td_uid_1_69e5b46b56446);\n<\/script><div class=\"td-block-title-wrap\"><\/div><div id=td_uid_1_69e5b46b56446 class=\"td_block_inner\"><\/div><\/div> <!-- .\/block -->[\/vc_column][\/vc_row][vc_row full_width=&#8221;stretch_row&#8221; css=&#8221;.vc_custom_1606255366109{padding-top: 20px !important;padding-bottom: 20px !important;}&#8221;][vc_column width=&#8221;1\/3&#8243; offset=&#8221;vc_hidden-lg vc_hidden-md vc_hidden-sm vc_hidden-xs&#8221;][vc_column_text]<\/p>\n<h3>Informe a las Naciones<\/h3>\n<p>[\/vc_column_text][vc_single_image image=&#8221;42182&#8243; img_size=&#8221;150&#215;200&#8243; css_animation=&#8221;bounceIn&#8221;][vc_column_text]<\/p>\n<p style=\"text-align: justify;\">El 23 de noviembre de 2023 se realiz\u00f3 el lanzamiento del Informe a las Naciones,<strong> Seguridad h\u00eddrica en Chile: Caracterizaci\u00f3n y perspectivas de futuro<\/strong> en el Sal\u00f3n Gorbea de la FCFM, Universidad de Chile.<\/p>\n<p><a href=\"https:\/\/www.cr2.cl\/seguridadhidrica\/\">Revise mas informaci\u00f3n AQUI<\/a>[\/vc_column_text][\/vc_column][vc_column width=&#8221;2\/3&#8243; offset=&#8221;vc_hidden-lg vc_hidden-md vc_hidden-sm vc_hidden-xs&#8221;][vc_column_text]<\/p>\n<h3>Noticias relacionadas al tema<\/h3>\n<p>[\/vc_column_text]<div class=\"td_block_wrap td_block_1 td_uid_2_69e5b46b5b503_rand td-pb-border-top td_block_template_3 tdc-no-posts td-column-1\"  data-td-block-uid=\"td_uid_2_69e5b46b5b503\" ><script>var block_td_uid_2_69e5b46b5b503 = new tdBlock();\nblock_td_uid_2_69e5b46b5b503.id = \"td_uid_2_69e5b46b5b503\";\nblock_td_uid_2_69e5b46b5b503.atts = '{\"category_id\":\"1495\",\"separator\":\"\",\"custom_title\":\"\",\"custom_url\":\"\",\"block_template_id\":\"\",\"m4_tl\":\"\",\"m4_el\":\"\",\"m6_tl\":\"\",\"post_ids\":\"\",\"category_ids\":\"\",\"tag_slug\":\"\",\"autors_id\":\"\",\"installed_post_types\":\"\",\"sort\":\"\",\"limit\":\"5\",\"offset\":\"\",\"el_class\":\"\",\"td_ajax_filter_type\":\"\",\"td_ajax_filter_ids\":\"\",\"td_filter_default_txt\":\"All\",\"td_ajax_preloading\":\"\",\"f_header_font_header\":\"\",\"f_header_font_title\":\"Block header\",\"f_header_font_settings\":\"\",\"f_header_font_family\":\"\",\"f_header_font_size\":\"\",\"f_header_font_line_height\":\"\",\"f_header_font_style\":\"\",\"f_header_font_weight\":\"\",\"f_header_font_transform\":\"\",\"f_header_font_spacing\":\"\",\"f_header_\":\"\",\"f_ajax_font_title\":\"Ajax categories\",\"f_ajax_font_settings\":\"\",\"f_ajax_font_family\":\"\",\"f_ajax_font_size\":\"\",\"f_ajax_font_line_height\":\"\",\"f_ajax_font_style\":\"\",\"f_ajax_font_weight\":\"\",\"f_ajax_font_transform\":\"\",\"f_ajax_font_spacing\":\"\",\"f_ajax_\":\"\",\"f_more_font_title\":\"Load more button\",\"f_more_font_settings\":\"\",\"f_more_font_family\":\"\",\"f_more_font_size\":\"\",\"f_more_font_line_height\":\"\",\"f_more_font_style\":\"\",\"f_more_font_weight\":\"\",\"f_more_font_transform\":\"\",\"f_more_font_spacing\":\"\",\"f_more_\":\"\",\"m4f_title_font_header\":\"\",\"m4f_title_font_title\":\"Article title\",\"m4f_title_font_settings\":\"\",\"m4f_title_font_family\":\"\",\"m4f_title_font_size\":\"\",\"m4f_title_font_line_height\":\"\",\"m4f_title_font_style\":\"\",\"m4f_title_font_weight\":\"\",\"m4f_title_font_transform\":\"\",\"m4f_title_font_spacing\":\"\",\"m4f_title_\":\"\",\"m4f_cat_font_title\":\"Article category tag\",\"m4f_cat_font_settings\":\"\",\"m4f_cat_font_family\":\"\",\"m4f_cat_font_size\":\"\",\"m4f_cat_font_line_height\":\"\",\"m4f_cat_font_style\":\"\",\"m4f_cat_font_weight\":\"\",\"m4f_cat_font_transform\":\"\",\"m4f_cat_font_spacing\":\"\",\"m4f_cat_\":\"\",\"m4f_meta_font_title\":\"Article meta info\",\"m4f_meta_font_settings\":\"\",\"m4f_meta_font_family\":\"\",\"m4f_meta_font_size\":\"\",\"m4f_meta_font_line_height\":\"\",\"m4f_meta_font_style\":\"\",\"m4f_meta_font_weight\":\"\",\"m4f_meta_font_transform\":\"\",\"m4f_meta_font_spacing\":\"\",\"m4f_meta_\":\"\",\"m4f_ex_font_title\":\"Article excerpt\",\"m4f_ex_font_settings\":\"\",\"m4f_ex_font_family\":\"\",\"m4f_ex_font_size\":\"\",\"m4f_ex_font_line_height\":\"\",\"m4f_ex_font_style\":\"\",\"m4f_ex_font_weight\":\"\",\"m4f_ex_font_transform\":\"\",\"m4f_ex_font_spacing\":\"\",\"m4f_ex_\":\"\",\"m6f_title_font_header\":\"\",\"m6f_title_font_title\":\"Article title\",\"m6f_title_font_settings\":\"\",\"m6f_title_font_family\":\"\",\"m6f_title_font_size\":\"\",\"m6f_title_font_line_height\":\"\",\"m6f_title_font_style\":\"\",\"m6f_title_font_weight\":\"\",\"m6f_title_font_transform\":\"\",\"m6f_title_font_spacing\":\"\",\"m6f_title_\":\"\",\"m6f_cat_font_title\":\"Article category tag\",\"m6f_cat_font_settings\":\"\",\"m6f_cat_font_family\":\"\",\"m6f_cat_font_size\":\"\",\"m6f_cat_font_line_height\":\"\",\"m6f_cat_font_style\":\"\",\"m6f_cat_font_weight\":\"\",\"m6f_cat_font_transform\":\"\",\"m6f_cat_font_spacing\":\"\",\"m6f_cat_\":\"\",\"m6f_meta_font_title\":\"Article meta info\",\"m6f_meta_font_settings\":\"\",\"m6f_meta_font_family\":\"\",\"m6f_meta_font_size\":\"\",\"m6f_meta_font_line_height\":\"\",\"m6f_meta_font_style\":\"\",\"m6f_meta_font_weight\":\"\",\"m6f_meta_font_transform\":\"\",\"m6f_meta_font_spacing\":\"\",\"m6f_meta_\":\"\",\"ajax_pagination\":\"\",\"ajax_pagination_infinite_stop\":\"\",\"css\":\"\",\"tdc_css\":\"\",\"td_column_number\":1,\"header_color\":\"\",\"color_preset\":\"\",\"border_top\":\"\",\"class\":\"td_uid_2_69e5b46b5b503_rand\",\"tdc_css_class\":\"td_uid_2_69e5b46b5b503_rand\",\"tdc_css_class_style\":\"td_uid_2_69e5b46b5b503_rand_style\"}';\nblock_td_uid_2_69e5b46b5b503.td_column_number = \"1\";\nblock_td_uid_2_69e5b46b5b503.block_type = \"td_block_1\";\nblock_td_uid_2_69e5b46b5b503.post_count = \"0\";\nblock_td_uid_2_69e5b46b5b503.found_posts = \"0\";\nblock_td_uid_2_69e5b46b5b503.header_color = \"\";\nblock_td_uid_2_69e5b46b5b503.ajax_pagination_infinite_stop = \"\";\nblock_td_uid_2_69e5b46b5b503.max_num_pages = \"0\";\ntdBlocksArray.push(block_td_uid_2_69e5b46b5b503);\n<\/script><div class=\"td-block-title-wrap\"><\/div><div id=td_uid_2_69e5b46b5b503 class=\"td_block_inner\"><\/div><\/div> <!-- .\/block -->[\/vc_column][\/vc_row][vc_row][vc_column][vc_empty_space][\/vc_column][\/vc_row]<\/p>\n","protected":false},"excerpt":{"rendered":"<p>[vc_row full_width=&#8221;stretch_row&#8221; content_placement=&#8221;top&#8221; css=&#8221;.vc_custom_1722284206388{background-image: url(https:\/\/www.cr2.cl\/wp-content\/uploads\/2024\/07\/carbono_header2.jpg?id=45547) !important;background-position: center !important;background-repeat: no-repeat !important;background-size: cover !important;}&#8221;][vc_column width=&#8221;1\/3&#8243;][\/vc_column][vc_column width=&#8221;2\/3&#8243;][vc_empty_space height=&#8221;60&#8243;][vc_custom_heading text=&#8221;CROSS-CUTTING THEME&#8221; font_container=&#8221;tag:h5|font_size:25|text_align:left|color:%23ffffff|line_height:0&#8243; google_fonts=&#8221;font_family:Abel%3Aregular|font_style:400%20regular%3A400%3Anormal&#8221;][vc_custom_heading text=&#8221;Carbon neutrality&#8221; font_container=&#8221;tag:h1|font_size:60|text_align:left|color:%23ffffff|line_height:1&#8243; google_fonts=&#8221;font_family:Abel%3Aregular|font_style:400%20regular%3A400%3Anormal&#8221;][vc_empty_space height=&#8221;40&#8243;][\/vc_column][\/vc_row][vc_row][vc_column width=&#8221;1\/3&#8243;][vc_single_image image=&#8221;20630&#8243; img_size=&#8221;250&#215;250&#8243; css=&#8221;.vc_custom_1722365297044{margin-top: -100px !important;}&#8221;][\/vc_column][vc_column width=&#8221;2\/3&#8243;][vc_empty_space height=&#8221;30&#8243;][vc_column_text] The objective of this cross-cutting theme is to analyze public policies related to carbon neutrality, the methodologies for measuring CO2 emissions and captures, [&hellip;]<\/p>\n","protected":false},"author":32,"featured_media":0,"parent":0,"menu_order":0,"comment_status":"closed","ping_status":"closed","template":"","meta":{"footnotes":""},"_links":{"self":[{"href":"https:\/\/www.cr2.cl\/eng\/wp-json\/wp\/v2\/pages\/20627"}],"collection":[{"href":"https:\/\/www.cr2.cl\/eng\/wp-json\/wp\/v2\/pages"}],"about":[{"href":"https:\/\/www.cr2.cl\/eng\/wp-json\/wp\/v2\/types\/page"}],"author":[{"embeddable":true,"href":"https:\/\/www.cr2.cl\/eng\/wp-json\/wp\/v2\/users\/32"}],"replies":[{"embeddable":true,"href":"https:\/\/www.cr2.cl\/eng\/wp-json\/wp\/v2\/comments?post=20627"}],"version-history":[{"count":5,"href":"https:\/\/www.cr2.cl\/eng\/wp-json\/wp\/v2\/pages\/20627\/revisions"}],"predecessor-version":[{"id":20635,"href":"https:\/\/www.cr2.cl\/eng\/wp-json\/wp\/v2\/pages\/20627\/revisions\/20635"}],"wp:attachment":[{"href":"https:\/\/www.cr2.cl\/eng\/wp-json\/wp\/v2\/media?parent=20627"}],"curies":[{"name":"wp","href":"https:\/\/api.w.org\/{rel}","templated":true}]}}